{"id":7261,"date":"2019-01-31T09:06:16","date_gmt":"2019-01-31T09:06:16","guid":{"rendered":"http:\/\/cnchungaria.hu\/?page_id=7261"},"modified":"2025-02-04T13:40:38","modified_gmt":"2025-02-04T13:40:38","slug":"taath-machining-centres","status":"publish","type":"page","link":"https:\/\/cnchungaria.hu\/wordpress\/?page_id=7261","title":{"rendered":"New TAATH machining centers"},"content":{"rendered":"\n<figure class=\"wp-block-embed is-type-video is-provider-youtube wp-block-embed-youtube wp-embed-aspect-16-9 wp-has-aspect-ratio\"><div class=\"wp-block-embed__wrapper\">\n<iframe loading=\"lazy\" title=\"Taath Y600 megmunk\u00e1l\u00f3k\u00f6zpont\" width=\"790\" height=\"444\" src=\"https:\/\/www.youtube.com\/embed\/xmoYZUhJ2FM?feature=oembed\" frameborder=\"0\" allow=\"accelerometer; autoplay; clipboard-write; encrypted-media; gyroscope; picture-in-picture; web-share\" referrerpolicy=\"strict-origin-when-cross-origin\" allowfullscreen><\/iframe>\n<\/div><\/figure>\n\n\n<p><span style=\"color: #0000ff;\"><strong>OUR NEW MACHINING CENTERS CAN BE VIEWED AND TRIED IN OUR WAREHOUSE.<\/strong><\/span><\/p>\n<p><span style=\"color: #ff0000;\"><strong>FEATURES:<\/strong><\/span><\/p>\n<ul>\n<li><strong>Siemens, Fanuc control<\/strong><\/li>\n<li>Designed by German engineers<\/li>\n<li>Produced according to strict CE standards<\/li>\n<li>High speed, high precision, long lifetime<\/li>\n<li><strong>X-axis: from 45<\/strong><strong>0<\/strong><\/li>\n<li>Precision ballscrew with C3 accuracy on all the three axes<\/li>\n<li>Spindle speed 8000 RPM 12000 RPM<\/li>\n<li><strong>12T 24T arm type tool magazine <\/strong><\/li>\n<\/ul>\n<p><strong>\u00a0\u00a0\u00a0 <\/strong><\/p>\n<p><strong>CAN BE ORDERED IN VARIOUS MOTION RANGE,<\/strong><strong> 3-, 4- OR 3+2 AXIS \u00a0VERSIONS!<\/strong><\/p>\n<p><strong>\u00a0<\/strong><strong>THE MACHINING CENTRES ARE AVAILABLE FOR PURCHASE FROM\u00a0 \u00a0EUR + VAT<\/strong><\/p>\n<p><strong>\u00a0<\/strong><\/p>\n<p><strong>\u00a0 For details please contact us:<\/strong><\/p>\n<p><strong>\u00a0<\/strong><\/p>\n<p>\u00a0\u00a0 \u00a0\u00a0<a href=\"http:\/\/www.cnchungaria.hu\">www.cnchungaria.hu<\/a><\/p>\n<p>\u00a0\u00a0 Email: <a href=\"mailto:cnchungaria@cnchungaria.hu\">cnchungaria@cnchungaria.hu<\/a>\u00a0\u00a0 \u00a0\u00a0\u00a0\u00a0\u00a0\u00a0\u00a0\u00a0\u00a0\u00a0\u00a0\u00a0\u00a0\u00a0<br \/>\u00a0\u00a0 Mobile: +36-70-9493-650\u00a0\u00a0\u00a0\u00a0\u00a0\u00a0\u00a0\u00a0\u00a0\u00a0\u00a0\u00a0\u00a0\u00a0\u00a0\u00a0\u00a0\u00a0\u00a0\u00a0\u00a0 Mobile: +36-70-6757-650<\/p>\n<p><span style=\"color: #0000ff;\"><a style=\"color: #0000ff;\" href=\"https:\/\/cnchungaria.hu\/wordpress\/?page_id=43947\">TAATH V4 PLUS machining center<\/a><\/span><\/p>\n<p><span style=\"color: #0000ff;\"><a style=\"color: #0000ff;\" href=\"https:\/\/cnchungaria.hu\/wordpress\/?page_id=7838\">TAATH V7 machining center<\/a><\/span><\/p>\n<p><span style=\"color: #0000ff;\"><a style=\"color: #0000ff;\" href=\"?page_id=7472&amp;lang=en\">TAATH V8S machining center<\/a><\/span><\/p>\n<p><span style=\"color: #0000ff;\"><a style=\"color: #0000ff;\" href=\"?page_id=7476&amp;lang=en\">TAATH V11S machining center<\/a><\/span><\/p>\n<p><span style=\"color: #0000ff;\"><a style=\"color: #0000ff;\" href=\"?page_id=7479&amp;lang=en\">TAATH Y1100 machining center<\/a><\/span><\/p>\n<p>\u00a0<\/p>\n<div role=\"form\" class=\"wpcf7\" id=\"wpcf7-f1415-o1\" lang=\"en-US\" dir=\"ltr\">\n<div class=\"screen-reader-response\"><p role=\"status\" aria-live=\"polite\" aria-atomic=\"true\"><\/p> <ul><\/ul><\/div>\n<form action=\"\/wordpress\/index.php?rest_route=%2Fwp%2Fv2%2Fpages%2F7261#wpcf7-f1415-o1\" method=\"post\" class=\"wpcf7-form init\" novalidate=\"novalidate\" data-status=\"init\">\n<div style=\"display: none;\">\n<input type=\"hidden\" name=\"_wpcf7\" value=\"1415\" \/>\n<input type=\"hidden\" name=\"_wpcf7_version\" value=\"5.4\" \/>\n<input type=\"hidden\" name=\"_wpcf7_locale\" value=\"en_US\" \/>\n<input type=\"hidden\" name=\"_wpcf7_unit_tag\" value=\"wpcf7-f1415-o1\" \/>\n<input type=\"hidden\" name=\"_wpcf7_container_post\" value=\"0\" \/>\n<input type=\"hidden\" name=\"_wpcf7_posted_data_hash\" value=\"\" \/>\n<\/div>\n<p>Name\/Company (required)<br \/>\n    <span class=\"wpcf7-form-control-wrap your-name\"><input type=\"text\" name=\"your-name\" value=\"\" size=\"40\" class=\"wpcf7-form-control wpcf7-text wpcf7-validates-as-required\" aria-required=\"true\" aria-invalid=\"false\" \/><\/span> <\/p>\n<p>Email (required)  xxx<br \/>\n    <span class=\"wpcf7-form-control-wrap your-email\"><input type=\"email\" name=\"your-email\" value=\"\" size=\"40\" class=\"wpcf7-form-control wpcf7-text wpcf7-email wpcf7-validates-as-required wpcf7-validates-as-email\" aria-required=\"true\" aria-invalid=\"false\" \/><\/span> <\/p>\n<p>Phone (required)<br \/>\n    <span class=\"wpcf7-form-control-wrap date-859\"><input type=\"tel\" name=\"date-859\" value=\"\" size=\"40\" class=\"wpcf7-form-control wpcf7-text wpcf7-tel wpcf7-validates-as-required wpcf7-validates-as-tel\" aria-required=\"true\" aria-invalid=\"false\" \/><\/span> <\/p>\n<p>Subject<br \/>\n<span class=\"wpcf7-form-control-wrap dynamictext-505\"><input type=\"text\" name=\"dynamictext-505\" value=\"New TAATH machining centers\" size=\"40\" class=\"wpcf7-form-control wpcf7dtx-dynamictext wpcf7-dynamictext\" aria-invalid=\"false\" \/><\/span> <\/p>\n<p>Message<br \/>\n    <span class=\"wpcf7-form-control-wrap your-message\"><textarea name=\"your-message\" cols=\"40\" rows=\"10\" class=\"wpcf7-form-control wpcf7-textarea\" aria-invalid=\"false\"><\/textarea><\/span> <\/p>\n<p><input type=\"submit\" value=\"Submit\" class=\"wpcf7-form-control wpcf7-submit\" \/><\/p>\n<div class=\"wpcf7-response-output\" aria-hidden=\"true\"><\/div><\/form><\/div>\n\n\n<figure class=\"wp-block-video\"><video controls src=\"http:\/\/cnchungaria.hu\/wordpress\/wp-content\/uploads\/2021\/04\/20210226_091913.mp4\"><\/video><\/figure>\n","protected":false},"excerpt":{"rendered":"<p>OUR NEW MACHINING CENTERS CAN BE VIEWED AND TRIED IN OUR WAREHOUSE. FEATURES: Siemens, Fanuc control Designed by German engineers Produced according to strict CE standards High speed, high precision, long lifetime X-axis: from 450 Precision ballscrew with C3 accuracy on all the three axes Spindle speed 8000 RPM 12000&#8230;<\/p>\n","protected":false},"author":1,"featured_media":0,"parent":0,"menu_order":0,"comment_status":"closed","ping_status":"closed","template":"","meta":[],"_links":{"self":[{"href":"https:\/\/cnchungaria.hu\/wordpress\/index.php?rest_route=\/wp\/v2\/pages\/7261"}],"collection":[{"href":"https:\/\/cnchungaria.hu\/wordpress\/index.php?rest_route=\/wp\/v2\/pages"}],"about":[{"href":"https:\/\/cnchungaria.hu\/wordpress\/index.php?rest_route=\/wp\/v2\/types\/page"}],"author":[{"embeddable":true,"href":"https:\/\/cnchungaria.hu\/wordpress\/index.php?rest_route=\/wp\/v2\/users\/1"}],"replies":[{"embeddable":true,"href":"https:\/\/cnchungaria.hu\/wordpress\/index.php?rest_route=%2Fwp%2Fv2%2Fcomments&post=7261"}],"version-history":[{"count":20,"href":"https:\/\/cnchungaria.hu\/wordpress\/index.php?rest_route=\/wp\/v2\/pages\/7261\/revisions"}],"predecessor-version":[{"id":44425,"href":"https:\/\/cnchungaria.hu\/wordpress\/index.php?rest_route=\/wp\/v2\/pages\/7261\/revisions\/44425"}],"wp:attachment":[{"href":"https:\/\/cnchungaria.hu\/wordpress\/index.php?rest_route=%2Fwp%2Fv2%2Fmedia&parent=7261"}],"curies":[{"name":"wp","href":"https:\/\/api.w.org\/{rel}","templated":true}]}}